actor of 10639?
False
Is 35 a multiple of 3?
False
Does 3 divide 110?
False
Is 5 a factor of 8509?
False
Is 10130 a multiple of 2?
True
Does 8 divide 391?
False
Is 16082 a multiple of 5?
False
Is 8 a factor of 1391?
False
Is 352 a multiple of 11?
True
Is 8 a factor of 3128?
True
Does 5 divide 130?
True
Is 222 a factor of 17507?
False
Is 1296 a multiple of 36?
True
Is 33592 a multiple of 68?
True
Does 15 divide 825?
True
Is 18 a multiple of 6?
True
Is 45 a factor of 3978?
False
Is 16011 a multiple of 27?
True
Is 19 a factor of 244?
False
Is 702 a multiple of 39?
True
Is 35 a factor of 560?
True
Is 236 a factor of 58686?
False
Is 110 a factor of 9020?
True
Does 4 divide 48?
True
Is 157 a factor of 12246?
True
Does 14 divide 12009?
False
Is 31 a factor of 224?
False
Is 756 a multiple of 9?
True
Is 793 a multiple of 51?
False
Is 288 a multiple of 9?
True
Does 9 divide 252?
True
Is 58 a factor of 2610?
True
Is 9 a factor of 2022?
False
Is 32963 a multiple of 17?
True
Is 33 a factor of 33561?
True
Is 8905 a multiple of 7?
False
Is 19 a factor of 209?
True
Does 18 divide 19430?
False
Is 211 a multiple of 3?
False
Does 53 divide 1165?
False
Is 6 a factor of 10981?
False
Is 4393 a multiple of 13?
False
Is 65 a factor of 4627?
False
Is 66 a multiple of 6?
True
Is 23 a factor of 883?
False
Does 40 divide 571?
False
Is 19 a factor of 3754?
False
Is 4 even?
True
Is 136 a factor of 272?
True
Is 7437 a multiple of 126?
False
Does 95 divide 9077?
False
Does 16 divide 2077?
False
Is 17620 a multiple of 70?
False
Is 80250 a multiple of 375?
True
Does 69 divide 1380?
True
Is 62 a factor of 14198?
True
Does 36 divide 522?
False
Is 6064 a multiple of 16?
True
Does 161 divide 10787?
True
Is 17 a factor of 204?
True
Is 867 a multiple of 3?
True
Is 69 a factor of 1035?
True
Is 2 a factor of 74?
True
Is 54 a factor of 91?
False
Is 15872 a multiple of 122?
False
Is 118 a factor of 375?
False
Does 21 divide 415?
False
Is 19 a factor of 71231?
True
Is 67998 a multiple of 14?
True
Is 18 a factor of 900?
True
Is 26 a factor of 1144?
True
Is 1562 a multiple of 22?
True
Does 110 divide 1650?
True
Does 102 divide 1938?
True
Is 74 a factor of 359?
False
Is 7447 a multiple of 5?
False
Is 15 a factor of 1665?
True
Does 15 divide 1302?
False
Is 1175 a multiple of 3?
False
Is 39 a factor of 273?
True
Is 24276 a multiple of 68?
True
Is 19047 a multiple of 190?
False
Does 4 divide 248?
True
Is 3802 a multiple of 42?
False
Is 24 a factor of 37921?
False
Is 15 a factor of 1500?
True
Does 6 divide 102?
True
Is 840 a multiple of 43?
False
Does 11 divide 252?
False
Is 1774 a multiple of 12?
False
Does 14 divide 1764?
True
Is 4 a factor of 463?
False
Is 6138 a multiple of 18?
True
Is 19734 a multiple of 19?
False
Is 28351 a multiple of 8?
False
Is 884 a multiple of 17?
True
Is 44 a factor of 4479?
False
Is 9724 a multiple of 20?
False
Is 27280 a multiple of 11?
True
Does 8 divide 381?
False
Is 74 a factor of 24420?
True
Is 15825 a multiple of 75?
True
Is 49 a factor of 6370?
True
Is 15 a factor of 1515?
True
Is 3939 a multiple of 39?
True
Is 10535 a multiple of 14?
False
Is 1052 a multiple of 4?
True
Is 52 a factor of 676?
True
Does 38 divide 1976?
True
Is 5681 a multiple of 27?
False
Does 11 divide 54120?
True
Is 532 a multiple of 34?
False
Is 108 a factor of 5303?
False
Does 25 divide 14134?
False
Does 4 divide 216?
True
Is 10 a factor of 1750?
True
Does 6 divide 3349?
False
Is 18 a factor of 3456?
True
Is 48 a multiple of 8?
True
Does 6 divide 3636?
True
Is 42 a multiple of 11?
False
Is 9 a factor of 4560?
False
Does 51 divide 2040?
True
Is 627 a multiple of 9?
False
Is 3527 a multiple of 19?
False
Does 26 divide 3795?
False
Is 84 a multiple of 21?
True
Is 14 a factor of 23897?
False
Is 35 a factor of 5040?
True
Is 23 a factor of 39307?
True
Does 2 divide 351?
False
Does 44 divide 440?
True
Is 19 a factor of 1993?
False
Does 30 divide 1535?
False
Is 16 a factor of 34884?
False
Does 27 divide 6345?
True
Does 177 divide 23718?
True
Does 28 divide 26191?
False
Is 60 a multiple of 5?
True
Is 2516 a multiple of 45?
False
Is 110 a factor of 73040?
True
Is 2196 a multiple of 5?
False
Is 12 a factor of 355?
False
Does 100 divide 3300?
True
Is 41 a factor of 24723?
True
Does 5 divide 280?
True
Is 25 a factor of 262?
False
Is 30550 a multiple of 7?
False
Is 35267 a multiple of 15?
False
Is 46596 a multiple of 17?
False
Is 51839 a multiple of 19?
False
Does 62 divide 29636?
True
Does 39 divide 7449?
True
Is 13 a factor of 30784?
True
Does 5 divide 377?
False
Is 3111 a multiple of 73?
False
Does 108 divide 4398?
False
Is 74939 a multiple of 35?
False
Does 11 divide 35838?
True
Does 263 divide 7900?
False
Is 24 a multiple of 3?
True
Is 117 a multiple of 2?
False
Is 70 a factor of 2030?
True
Is 42 a factor of 10038?
True
Is 8895 a multiple of 5?
True
Does 4 divide 1471?
False
Is 1855 a multiple of 35?
True
Is 715 a multiple of 40?
False
Is 18 a factor of 10178?
False
Is 12 a factor of 109?
False
Is 27 a factor of 9517?
False
Is 5132 a multiple of 46?
False
Is 643 a multiple of 41?
False
Does 10 divide 682?
False
Does 12 divide 518?
False
Does 102 divide 5916?
True
Is 11 a factor of 572?
True
Does 17 divide 631?
False
Is 24 a factor of 17160?
True
Is 20 a factor of 24822?
False
Is 8120 a multiple of 14?
True
Is 16 a factor of 912?
True
Is 139 a multiple of 7?
False
Is 5 a factor of 655?
True
Is 3191 a multiple of 106?
False
Does 223 divide 3986?
False
Does 23 divide 1518?
True
Is 37 a factor of 2497?
False
Is 4646 a multiple of 23?
True
Is 2132 a multiple of 41?
True
Does 7 divide 13?
False
Is 260 a multiple of 26?
True
Does 86 divide 19264?
True
Is 22 a factor of 5279?
False
Is 517 a multiple of 18?
False
Does 3 divide 864?
True
Is 1650 a multiple of 50?
True
Is 1851 a multiple of 85?
False
Is 38 a factor of 374?
False
Does 5 divide 2524?
False
Is 504 a multiple of 27?
False
Is 184 a multiple of 9?
False
Is 66 a factor of 16302?
True
Does 13 divide 611?
True
Is 280 a multiple of 14?
True
Is 18 a factor of 41716?
False
Is 814 a multiple of 11?
True
Is 71338 a multiple of 106?
True
Does 26 divide 390?
True
Does 4 divide 165?
False
Is 28 a factor of 39956?
True
Is 37064 a multiple of 41?
True
Is 554 a multiple of 11?
False
Does 12 divide 387?
False
Is 6400 a multiple of 19?
False
Does 92 divide 103586?
False
Does 14 divide 994?
True
Is 51 a factor of 2754?
True
Is 32236 a multiple of 24?
False
Does 12 divide 303?
False
Is 27736 a multiple of 60?
False
Is 927 a multiple of 3?
True
Does 12 divide 87?
False
Is 16 a factor of 224?
True
Is 4 a factor of 26?
False
Is 129 a factor of 38055?
True
Is 2294 a multiple of 17?
False
Is 738 a multiple of 12?
False
Does 55 divide 9955?
True
Is 105 a factor of 39377?
False
Does 34 divide 986?
True
Is 20 a factor of 104820?
True
Does 136 divide 7480?
True
Is 445 a multiple of 6?
False
Is 831 a multiple of 26?
False
Does 3 divide 27?
True
Does 56 divide 392?
True
Is 9720 a multiple of 36?
True
Is 43 a factor of 18402?
False
Is 21 a factor of 398?
False
Is 12 a factor of 32964?
True
Is 93 a factor of 7998?
True
Is 19 a factor of 95?
True
Is 21 a factor of 316?
False
Is 37 a factor of 1554?
True
Is 17444 a multiple of 35?
False
Is 44 a factor of 1320?
True
Is 4 a factor of 69?
False
Does 49 divide 147?
True
Is 83 a multiple of 15?
False
Is 85 a multiple of 13?
False
Is 4078 a multiple of 11?
False
Does 6 divide 264?
True
Is 18375 a multiple of 105?
True
Does 9 divide 864?
True
Does 5 divide 20640?
True
Is 71 a multiple of 19?
False
Is 23 a factor of 782?
True
Does 10 divide 632?
False
Does 9 divide 90?
True
Is 200 a multiple of 4?
True
Is 25704 a multiple of 68?
True
Is 11 a factor of 16?
False
Is 1208 a multiple of 75?
False
Does 42 divide 3158?
False
Is 9872 a multiple of 16?
True
Is 22 a factor of 81039?
False
Is 2403 a multiple of 27?
True
Does 6 divide 685?
False
Is 18 a factor of 3366?
True
Does 188 divide 16813?
False
Does 22 divide 32098?
True
Is 138 a factor of 23931?
False
Does 141 divide 33533?
False
Is 699 a multiple of 31?
False
Does 14 divide 3317?
False
Is 23 a factor of 372?
False
Is 9739 a multiple of 6?
False
Is 31 a factor of 6014?
True
Is 50 a factor of 1547?
False
Does 12 divide 1860?
True
Is 59373 a multiple of 27?
True
Is 9936 a multiple of 46?